t v(i) = 2*i**3 + 6*i - 2*i**3 - 6*i**2 + i**3 + 1. Calculate the remainder when 16 is divided by v(b).
4
Suppose g - 4*u = 76, -g + 4*g = -3*u + 183. What is the remainder when g is divided by 22?
20
Suppose -s - 4*f + f = 10, 0 = f + 5. Suppose 10*j - s*j = 4*r + 794, -r - 1 = 0. Let t = j + -109. Calculate the remainder when t is divided by 17.
15
Suppose 2*j - 1 = 7. Suppose -5*d = -3 + 23, j*w + 2*d = 40. Suppose w = -5*n + 72. Calculate the remainder when 22 is divided by n.
10
Let b be (2 - -1) + -3 + 15. Suppose f - 2*f + b = 0. What is the remainder when 59 is divided by f?
14
Let c be ((-1)/(-2))/((-1)/(-8)). Suppose 0 = c*l - 89 - 91. What is the remainder when l is divided by 12?
9
What is the remainder when 1 + -10*10/(-4) is divided by 1*(-3)/9*81/(-3)?
8
Suppose -f = 3*k - 2*f - 90, 0 = -4*k - 5*f + 120. What is the remainder when 178 is divided by k?
28
Let m(g) = -g**2 - 10*g + 12. Let j be m(-10). Let i = -17 + j. Let k = 18 + i. What is the remainder when k is divided by 8?
5
Suppose 60 = -0*m + 5*m. Suppose 0*q = 3*q - m. Suppose -q*r + 2*r = -100. What is the remainder when r is divided by 17?
16
Suppose -2*y + 359 + 17 = 0. Suppose 4*h = -0*h + y. Suppose -10 = -4*m - 5*f + h, 22 = 4*m - 2*f. What is the remainder when m is divided by 5?
3
Suppose d = -2*d - 2*n + 337, d = 2*n + 115. Calculate the remainder when d is divided by 39.
35
Let b = -102 - -127. Calculate the remainder when b is divided by (-1)/(1/(-9))*1.
7
Let b = -9 + 22. Calculate the remainder when b is divided by 5.
3
Let m be -5*(24/(-15) - -1). Let v be (m/(-9))/((-3)/27). Let p = 2 + v. What is the remainder when 14 is divided by p?
4
Let n be (-34)/(-8) - 4/16. Suppose -b - 9 + 25 = -3*l, 4*l = -n*b + 32. Let f(x) = -4*x + 3. What is the remainder when f(-6) is divided by b?
7
Let p(o) = 2*o - 12. Let r(m) = m + 4 + 2 + 0 + m**2 - 4. What is the remainder when p(8) is divided by r(0)?
0
Let m = -141 - -85. Calculate the remainder when ((-462)/m)/(3/8) is divided by 6.
4
Suppose -10 = -10*z + 5*z. Calculate the remainder when 34 is divided by (-24)/z*1/(-1).
10
Let p(t) = -t**3 + 5*t**2 - 5*t + 4. Let q be p(3). Suppose 5*o = -2*x + 365, -570 = 4*x - q*x - 3*o. Calculate the remainder when 17 is divided by x/21 - 4/14.
8
Suppose 0 = 4*n - 2*z - 112, 3*n - 69 = -2*z + 22. Suppose 12 = 3*y - 18. What is the remainder when n is divided by y?
9
Let g = -142 + 88. Let o be 2/1*93/(-6). Let v = o - g. Calculate the remainder when v is divided by 8.
7
Suppose 5*j - 1 = -6. Let q = -28 - -16. What is the remainder when 17 is divided by j - q - (1 + 1)?
8
Let l = 89 - 54. Calculate the remainder when l is divided by (-10 + 2)*3/(-2).
11
Suppose -3*l + 1 = -2*l. Suppose 2*t - 3 = l. Suppose -2*g + 18 = -3*u - 14, -t*u = g - 23. What is the remainder when 36 is divided by g?
17
Suppose 3*t - 412 = -64. Calculate the remainder when t is divided by 17.
14
Let a(x) = x + 30. Calculate the remainder when 40 is divided by a(-6).
16
Let o(u) = -u**2 + 2*u + 7. Calculate the remainder when 6 is divided by o(3).
2
Let x(o) = -5 - 3*o**2 + 5 + 4*o**2 + 18 + o. Calculate the remainder when 33 is divided by x(0).
15
Suppose -25 = -3*j + 11. What is the remainder when 71 is divided by j?
11
Suppose -2*q = q - 3. Let v = q - -4. What is the remainder when v is divided by 4/5 - (-22)/10?
2
Let a(o) = 6*o + 17. What is the remainder when 23 is divided by a(-2)?
3
Let k(r) = r**3 + 2*r**2 + r + 1. Let o be k(2). Let q be o/(-4) + 4/(-16). Calculate the remainder when (84/(-10))/(1/q) is divided by 22.
20
What is the remainder when 113/3 + (-2)/3 is divided by 14?
9
Let i(o) = -o**2 + 5*o - 4. Let h be i(4). Suppose h = -s - 3*s + 20. Suppose 4*p = -m - 8, p + 26 = s*m - p. Calculate the remainder when 11 is divided by m.
3
Let y(v) = v**2 - 2*v + 2. Let d(a) = -a**2 + 7*a + 1. What is the remainder when d(4) is divided by y(3)?
3
Suppose 0 = -5*z + 2*w - w + 121, 23 = z + w. What is the remainder when z is divided by 5?
4
Suppose -z + 10 = -3*l + 8*l, -3*z + 41 = 4*l. What is the remainder when z is divided by 6?
3
Suppose 5*c + 2*r + 10 - 64 = 0, -4*r - 48 = -3*c. Calculate the remainder when 69 is divided by c.
9
Suppose -3*n = -m - 6*n + 63, 4*m - 225 = -3*n. Calculate the remainder when m is divided by 19.
16
Suppose 0 = -3*y - 0*y + 54. Let q = 9 - y. Let g(f) = -f - 6. What is the remainder when 7 is divided by g(q)?
1
Suppose -u + 2*m + 3*m = 16, -5*u - m - 2 = 0. Let a = -21 - -32. What is the remainder when u - (-30 + (-5 - -2)) is divided by a?
10
Calculate the remainder when 10 is divided by ((-16)/20)/(6/(-45)).
4
Let y = 22 + 20. Calculate the remainder when y is divided by 11.
9
Let n be 3*(-2 - 26/(-6)). Let w = n + -17. Let u = w + 14. What is the remainder when 7 is divided by u?
3
Suppose 4*n + 56 = 2*l - n, l = -4*n + 2. Suppose -l = -3*j + 24. What is the remainder when 26 is divided by j?
12
Suppose 0 = -5*g + 3*g + 10. Suppose g*b - 55 = 50. Calculate the remainder when b is divided by 11.
10
Let i(h) = h**3 + 6*h**2 + 4*h. Let u be i(-5). Suppose -u*g = -11 - 4. Let s(r) = r**3 + 5*r**2 + 2*r. What is the remainder when s(-2) is divided by g?
2
Let y(h) = h**3 + 4*h**2 - h. Let x be y(-4). Let t = x + -1. Let n = -8 + 10. Calculate the remainder when t is divided by n.
1
Let o(j) = j**3 + 6*j**2 + 5*j - 2. Suppose 0*d + 4 = -d. Calculate the remainder when 38 is divided by o(d).
8
Let c = -13 - -30. Calculate the remainder when 31 is divided by c.
14
Let p(q) = -q + 11. What is the remainder when p(-8) is divided by 10?
9
Let x = 50 - 20. Suppose -2*g = 4 - x. What is the remainder when g is divided by 7?
6
Suppose -5*i = -4*s - 3*i + 72, 40 = 3*s + 2*i. Calculate the remainder when 61 is divided by s.
13
Let p = 8 - 2. Let y(k) = 3*k + 3. What is the remainder when y(6) is divided by p?
3
Let m = -14 - -68. Calculate the remainder when m is divided by 19.
16
Suppose 0 = m - 1 + 5, -5*k + 2 = 2*m. Calculate the remainder when 17 is divided by (4/12)/(k/54).
8
Let s be ((-1)/1)/((-2)/(-14)). Let t = -16 - s. Let w = -6 - t. Calculate the remainder when w is divided by 2.
1
Let q(m) = -12*m**3 - 2*m**2 - 2*m. What is the remainder when 21 is divided by q(-1)?
9
Suppose -4*v + 9 = -19. Let g(d) = 2*d**2 + d. What is the remainder when v is divided by g(1)?
1
Suppose 0 = -3*f - 3*m + 18, 5*m = 10*m - 5. Let q = -3 - -5. Calculate the remainder when f is divided by q.
1
Let y(w) = w**2 + w + 82. What is the remainder when y(0) is divided by 14?
12
Let f be ((-12)/9 - 0)*-9. Suppose -2*y - 7 = -n + f, 3*y = 2*n - 35. Calculate the remainder when 38 is divided by n.
12
What is the remainder when 37 is divided by (-1)/(-4 - (-225)/57)?
18
Let k(s) = 15*s + 9. Let b be k(4). Suppose 3*f - 12 = -3*a + b, 5*f = 0. What is the remainder when 52 is divided by a?
25
Let t = 31 + 14. Calculate the remainder when t is divided by 16.
13
Calculate the remainder when (-4 - (-8 - 0)) + -8 + 156 is divided by 51.
50
What is the remainder when 3*(-16)/24*(-9)/2 is divided by 5?
4
Suppose 42 - 7 = 5*d. Calculate the remainder when 12 is divided by d.
5
Let f(l) = -l**3 + 24*l**2 - 24*l + 53. What is the remainder when f(23) is divided by 8?
6
Let n(t) = -t**3 - 2*t**2 - t + 1. Let m be 8/(-2)*2/(-4). Suppose m*q + 3*o - 68 = 0, 2*q - 117 = -q + 3*o. What is the remainder when q is divided by n(-3)?
11
Let r be 1492/16 + 2/(-8). Suppose 0 = -q - 4*q + 4*v + r, 5*q + 3*v = 79. What is the remainder when 49 is divided by q?
15
Let p be 4*(-1317)/(-24)*2. Suppose -p = -4*q - c - 111, 4*q - 2*c - 328 = 0. Calculate the remainder when q is divided by 28.
26
Suppose -5*u + 23 = 18. What is the remainder when 2 is divided by u?
0
Let v = 19 + 7. Suppose -2*k + v = -k. Calculate the remainder when k is divided by 14.
12
Suppose 5*q + 3*i = -0*q - 5, -5*q - 4*i = 10. Suppose 0 = 2*g + g + 6. What is the remainder when 7 is divided by q + 1/(-1) - g?
1
Let d = 19 - 1. What is the remainder when 71 is divided by d?
17
Let n = 39 - 28. Let j = -25 - -57. What is the remainder when j is divided by n?
10
Suppose -3*p - 2*k - 20 = -73, 3*p - 2*k = 61. Calculate the remainder when 33 is divided by p.
14
Suppose 5*d = 5 - 45. Let o = -5 - d. Let n(x) = -x. What is the remainder when n(-5) is 